y) = -3*k(y) - 7*p(y). Let h be 1*3*(-16)/6. Is q(h) composite?
True
Suppose -18*j = -9*j - 549. Suppose j*m + 4565 = 66*m. Is m a prime number?
False
Suppose 0 = 3*v - 855 - 2442. Suppose -996 = -5*b + 3*p + v, -4*p = 0. Is b a prime number?
True
Let f(h) = -7*h + 48 - 21 - 29. Suppose -5*b - 2*n = 5, 4*b = -b + 2*n - 25. Is f(b) prime?
True
Is (5966/8)/((-7)/(-28)) a prime number?
False
Let i = -152 + 154. Is (41 + 2)*(21 + i) a composite number?
True
Let q be 2/3 + (-1873)/(-3). Suppose 0 = -85*j + 71*j - 4452. Let z = j + q. Is z a composite number?
False
Let w be 1506/18 + 2/6. Let t = w - 44. Suppose 4*i = -t + 476. Is i a prime number?
True
Suppose -1350 - 6282 = -4*g. Let y = -427 + g. Is y a prime number?
True
Let d = -319 + 455. Suppose -37 = -3*v - 3*o + 56, -4*v = -2*o - d. Let n = v + 440. Is n prime?
False
Let x(r) = 2*r**3 - 23*r**2 + 5 - 18*r**2 - r + 31*r**2. Is x(8) prime?
False
Let b(u) = u**2 - 3*u + 1. Let r be b(1). Let s(h) = -h**3 - h**2 + h - 1. Let l(c) = 2*c**3 - 5*c**2 - 6*c - 4. Let d(p) = r*l(p) - s(p). Is d(6) composite?
True
Suppose -7238 - 5574 = -4*c. Is c a prime number?
True
Is 2 + -5 + 1 + 5228 + 19 a prime number?
False
Let t = -193 + 12. Let o be (5 - (-25)/(-10))*(-608)/(-40). Let m = o - t. Is m a composite number?
True
Let u be 4/(-22) + (-1230)/(-110). Suppose -2324 = -u*q + 7*q. Suppose s = 4*x - q, 0*s - 5*s = -x + 131. Is x a composite number?
True
Suppose 12*u = -3*f + 14*u + 33529, 0 = 3*f - 4*u - 33521. Is f prime?
False
Let d(z) = 47*z**3 - z**2 + 4*z - 1. Let t be d(-3). Let k = -594 - t. Is k a prime number?
False
Let c = -185 + 478. Let a(o) = 2*o + 2. Let l be a(1). Suppose -l*h + 5*u = -0*h - c, 4*u - 320 = -4*h. Is h a prime number?
False
Suppose 2 + 4 = -6*m. Let o be m*(-2 - -1 - 12). Is o/(-39) - 748/(-3) composite?
True
Suppose 4*i - 136 + 16 = 0. Let u(v) = 11*v - 79. Is u(i) a composite number?
False
Suppose 0 = 3*l - 0*l - 2*f - 38, f = -3*l + 26. Suppose -l*m = -15*m + 745. Is m composite?
False
Let p = -16459 + 28428. Is p prime?
True
Let k(n) = -n + 15. Let f(b) = 4*b - 19. Let r be f(8). Let a be k(r). Suppose 0*c - 247 = -5*c - 2*p, a = 2*p. Is c a composite number?
True
Let b = 538 - 24. Is b prime?
False
Suppose j + 0*m - 2*m = 1737, 4*m + 5205 = 3*j. Is j a composite number?
True
Let p(d) = 18998*d + 1. Let y be p(1). Is 2/(10*-1) - y/(-45) composite?
True
Let t = 241 - -66. Let z = t - 164. Is z a prime number?
False
Let o be (5/3)/(6/18). Suppose -w = -3*a + 56, 0 = -2*a + o*w - 3*w + 36. Is a prime?
True
Let q be -9 - -21 - (3 - 0). Let y be (-3)/5 + (-86)/(-10) - 2. Is 9/y*3198/q prime?
False
Suppose -6769 - 4001 = -6*r. Suppose -c - 4*c + r = 0. Is c a prime number?
True
Let p(o) = 31*o + 4. Let i be p(1). Suppose -360 = -4*j - 2*c + 6*c, -3*c - 86 = -j. Let s = j + i. Is s a composite number?
False
Let h(f) = 44*f - 603. Let n be h(39). Let p(a) = -a**2 - 5*a + 8. Let s be p(-6). Suppose -s*o + n = o. Is o composite?
True
Let j = -4 - -6. Is (8/(-1) - j)/(-1) composite?
True
Let j(n) be the third derivative of -n**7/2520 + n**6/60 + 3*n**5/20 - 11*n**2. Let z(x) be the third derivative of j(x). Is z(3) prime?
False
Let w = 8446 - 4479. Is w composite?
False
Let t(s) = -250*s**3 - 2*s**2 + 1. Let w be 6/(-9)*(-6)/(-4). Is t(w) composite?
True
Let x be 4503 + 6 + (4/(-1) - 0). Suppose 24*k = 29*k - x. Is k a composite number?
True
Let y = -16 - -31. Suppose -2 = g - y. Suppose -g = 3*f - 58. Is f a composite number?
True
Let t = 1621 + -78. Is t a composite number?
False
Let y be (-2 + 14)*16/24. Is 3/y + (-26829)/(-72) composite?
False
Let n be -3*1/6*16. Let b(a) = -a. Let u(d) = 30*d - 3. Let z(j) = 2*b(j) - u(j). Is z(n) a composite number?
True
Let f(x) = x**2 + 5*x - 2. Let i be f(-4). Let n(q) = q**3 + 5*q**2 - 7*q - 3. Let k be n(i). Is 642/4 + k/6 composite?
True
Let x(p) = -8*p**2 + 9*p**2 + p + p - 5*p - 3. Is x(5) a prime number?
True
Let i(t) = -t**2 - 4*t - 3. Let j be i(-4). Let r(k) = -k**3 + 3*k**2 + 2. Let o be r(j). Let q = -21 + o. Is q a composite number?
True
Suppose 3*i - 200 = -2*i. Is 28368/i - 2/10 composite?
False
Let r = -319 - -610. Is r a prime number?
False
Let q(v) be the second derivative of v**5/20 - v**4/2 - v**3/6 - v**2/2 + 3*v. Suppose 3*l = -5*u + 55 - 16, l - 5 = u. Is q(l) a composite number?
True
Suppose -23*d + 403236 = -50209. Is d a composite number?
True
Let b(p) be the first derivative of 718*p**3 + p**2 + p - 16. Is b(-1) prime?
True
Let l be ((-12)/(-8))/((-6)/8). Let n = l + 21. Is n composite?
False
Let c = -13058 + 21945. Is c a composite number?
False
Let a(b) = 1521*b**2 + 5*b + 1. Is a(1) a composite number?
True
Let b be (-3084)/(-10)*(1 + -6). Let o = -919 - b. Is o a composite number?
True
Let o(a) = 8*a**3 - 5*a**2 + a + 5. Is o(3) prime?
True
Let h(y) be the second derivative of -7*y**6/40 + y**5/30 + y**4/12 + y**3/6 + y**2 - 9*y. Let l(m) be the first derivative of h(m). Is l(-1) a prime number?
False
Suppose 467 = 4*p - 4*g - 26593, 0 = -2*p - 5*g + 13558. Is p a prime number?
False
Suppose -30*x = -15*x - 3345. Is x prime?
True
Suppose 0 = 5*f + 5*k - 16310 - 3000, -15455 = -4*f + 3*k. Is f a composite number?
False
Let f(x) = -x + 2. Let t be f(0). Let z be (-110)/(-40) - t/(-8). Let m(j) = 20*j**2 - 2*j + 5. Is m(z) prime?
True
Suppose 2*b = 3*r + 4, -3*b - 4*r = -2*b - 2. Is 884/b*1/2 a prime number?
False
Let h = 416 + 89. Is h composite?
True
Suppose 3466 = -5*p + 10*r - 12*r, 0 = -p - 2*r - 690. Let y = p - -1913. Is y a composite number?
True
Suppose y + 3*y - 12 = 0. Suppose -y*t + 627 = -327. Let m = t - 95. Is m composite?
False
Let v(j) be the second derivative of 7*j**6/120 + j**5/24 + j**4/4 - 4*j. Let b(u) be the third derivative of v(u). Is b(6) a composite number?
False
Let q(k) = -k**3 - k**2 - k. Let o(s) = 5*s**3 + 4*s**2 + 2*s - 74. Let p(z) = -o(z) - 4*q(z). Is p(0) a prime number?
False
Is ((-1136583)/(-189))/((-1)/3*-1) a prime number?
True
Let n(y) = y**2 - 4. Let b be n(4). Let z(p) be the third derivative of p**6/120 - p**5/5 + p**4/3 - 17*p**3/6 - 2*p**2. Is z(b) composite?
False
Let f be 3/7 + (-6)/14 - -1. Let l(z) = 2933*z**3 - z**2 - z + 2. Is l(f) a prime number?
False
Suppose 1014 = -3*a + a + 5*o, 4*a - o = -1992. Let m = 1266 + a. Is m composite?
False
Suppose -35735 = -5*f + 5*m, -4*f + 48*m - 52*m = -28620. Is f prime?
True
Let z be 1/(-2) - (-4025)/50. Suppose -z*x + 3359 = -79*x. Is x a composite number?
False
Let i = -3525 - -5626. Is i a composite number?
True
Let n(h) = 3*h + 3647. Let z(k) = k**3 - k**2. Let m(x) = n(x) + z(x). Is m(0) prime?
False
Let h(p) be the third derivative of p**5/60 + 11*p**4/24 + 4*p**3 - 11*p**2. Is h(-10) prime?
False
Let c(w) = 61*w**3 + 9*w**2 - 16*w + 47. Is c(5) prime?
True
Let a(j) = -2*j**3 + 5*j**2 - 6*j - 6. Suppose 4*f + 37 = 3*i, 0*f = 2*f - 3*i + 23. Is a(f) composite?
False
Let f = -461 - -766. Is f composite?
True
Let z(k) = 112*k + 36. Let g be z(14). Suppose -11*a + 15*a = g. Is a a composite number?
False
Let k(d) = 2*d**3 - 29*d**2 - 37*d - 18. Is k(16) composite?
True
Suppose -371 - 83 = 2*i + 5*c, 0 = -i + c - 220. Let a = 743 + i. Is a prime?
True
Let w(d) = -291*d - 8. Let b(k) = 292*k + 8. Let r(t) = -4*b(t) - 5*w(t). Is r(3) prime?
False
Let z be (12/8 + 0)*(-5 - -3). Let s(f) be the third derivative of f**5/12 - f**4/8 - f**3/6 + f**2. Is s(z) composite?
False
Let d(h) = -h**3 + 12*h**2 + 2*h + 2. Let r(c) be the second derivative of 7*c**3/6 - c**2 + c. Let z be r(2). Is d(z) a prime number?
False
Let z = -862 + 1944. Is z a composite number?
True
Let f(i) = 94*i**2 + 79*i - 359. Is f(5) prime?
False
Suppose 0*s + r - 5 = -s, -s = 2*r - 6. Suppose 5*n = 5*u + 10, s = -4*n + 5*u + 14. Suppose i - 14 = -n*i. Is i prime?
False
Let p = 924 - -131. Is p a composite number?
True
Let p(a) be the second derivative of 5*a**4/2 - a**3 - 17*a**2/2 + 15*a. Is p(-6) a composite number?
True
Suppose 4*p = -5*l - 3 + 26, -5*l = 2*p - 29. Suppose 0 = l*n - 9796 - 165. Is n prime?
True
Let c(x) = x**2 + 9*x + 15. Let k be c(-10). Suppose k = 5*o, -4*b = -2*b - 2*o + 6. Is -3 + 1548 + -4 + b a prime number?
True
Suppose -2*s = -2*c + 33732, -2*s + 67499 = 4*c + s. Is c a composite number?
False
Let n(k) = 2895*k**3 - 4*k**2 